n) = 15*n**2 + 3*n - 14. Let j be x(-3). What is the highest common divisor of j and 28?
28
Let i = 50 + -30. Suppose 36 = 6*t - 3*l, 0 = t - 5*t - l + 12. What is the highest common factor of t and i?
4
Suppose 13*w + 14*w - 243 = 0. What is the highest common divisor of w and 72?
9
Suppose 5*q - 3*z = 353, q - 3*z = -2*q + 213. Calculate the highest common factor of 30 and q.
10
Let j = -36 - -34. Let q be j/7 - (-1760)/35. Suppose 39 = 2*z - 11. What is the highest common divisor of z and q?
25
Let j = 7 + 4. Let c be 73 + 12 + -5 - -8. Calculate the greatest common factor of c and j.
11
Let q(i) = -i + 3. Let u(c) = 1. Let x(g) = -q(g) - u(g). Let o be x(14). Suppose -8*v + 8 = -72. What is the greatest common divisor of v and o?
10
Let g = 64 - 52. Let v = 8 + g. Calculate the highest common factor of v and 50.
10
Suppose 7*m = 2*m + 70. Suppose -13*k = -15*k + m. What is the highest common factor of 49 and k?
7
Let u = -80 + 175. Suppose -4*x + 27 = -125. What is the highest common divisor of x and u?
19
Let q(g) = g**2 + g - 168. Let v be q(15). What is the highest common divisor of v and 8?
8
Let k(w) = 4*w**2 + 6*w + 8. Let f be k(-4). Suppose 51*t + f = 53*t. What is the highest common divisor of 120 and t?
24
Suppose 336 = 2*q + m, -15*q - m + 676 = -11*q. What is the highest common factor of q and 40?
10
Let a be -1 - 117/(-5 + 8). Let h be (-856)/a - (-4)/(-10). Calculate the greatest common factor of 14 and h.
7
Let r(w) = -w + 5. Let k be r(4). Let n be k/(20/(-22) - -1). Let l = -2 + n. What is the greatest common factor of 81 and l?
9
Suppose -7*f + 26 = 5. Suppose -2*g + 0*h = -2*h - 4, f*g + 3*h - 18 = 0. Calculate the highest common factor of 32 and g.
4
Let v = 52 + -35. Let m = -142 + 244. Suppose -d = d - m. Calculate the highest common divisor of v and d.
17
Let a be 6/8 - (-30)/24. Let y be (1404/63)/(a/(-14)). Let o be (y/(-24))/((-1)/(-2)). What is the highest common factor of 52 and o?
13
Let n(y) = 19 - 5 + y + 6 + 3*y. Let k be n(7). Calculate the greatest common divisor of 12 and k.
12
Let l(u) = -u + 7. Let w be l(-13). Let p(h) = 52*h**2 - 4*h + 2. Let q be p(1). What is the highest common factor of w and q?
10
Let g(j) = -3*j + 4. Let u be g(-5). Let r = 25 - u. Let d be (-948)/(-8) - r/4. What is the greatest common factor of d and 13?
13
Let x be ((-532)/114)/(705/(-234) - -3). Calculate the highest common divisor of 112 and x.
28
Let c(p) = 2*p**3 - 9*p**2 + 12*p. Let q be c(4). What is the greatest common divisor of q and 864?
32
Let j = 378 + -188. Suppose 6*t = 11*t - j. What is the highest common factor of 95 and t?
19
Suppose 3*l + l = 208. What is the greatest common factor of 52 and l?
52
Let h = -26 + 40. Let w = h - 12. Let m = w + 19. Calculate the highest common factor of m and 14.
7
Suppose 2*g + 4*m - 102 = -24, -2*m = -3*g + 93. What is the highest common divisor of g and 528?
33
Let c = 144 + -140. Let o be c + 1 - (-264)/8. Calculate the highest common divisor of o and 95.
19
Suppose -33*g + 31*g + 108 = 0. What is the highest common divisor of 6 and g?
6
Let k = 1 + 39. Let i = -24 + k. What is the highest common factor of i and 16?
16
Let a be (-8)/10*(-45)/18. Suppose -a*s - 3*s = -630. Suppose 3*n + 10 = -5, -3*y = 5*n - 17. Calculate the greatest common factor of y and s.
14
Let j(g) = 7*g**2 - 7*g + 3. Let h be j(6). Let d = 219 - h. Let s be (3/(-2))/((-1)/16). What is the highest common factor of s and d?
6
Let h(n) = -n**3 + 11*n**2 - 28*n + 50. Let o be h(8). Let b be (12/7)/(1/7). Calculate the greatest common factor of b and o.
6
Let t be (-16)/(-6)*21/28. Let l be ((-28)/(-6))/(6/9). Suppose 3*p + l = 73. What is the greatest common divisor of t and p?
2
Let y(u) = 99*u**2 - 16*u + 23. Let z be y(2). Suppose 2*a + a - 129 = 0. What is the greatest common factor of z and a?
43
Suppose 0 = 2*h - 21*c + 26*c - 233, 0 = -h + 2*c + 112. Calculate the highest common factor of h and 76.
38
Let r = 29 - 13. Let m = r - 4. Calculate the greatest common divisor of 108 and m.
12
Let c(j) = -j - 1. Let x be c(-5). Suppose -x*f + 41 = 3*i, 3*f + 2*i = 2*f + 4. Calculate the greatest common divisor of f and 42.
14
Let k be (-1 - 1) + 612 + -8. Suppose 5*p - 28 = k. Calculate the highest common factor of p and 42.
42
Let h(i) = -i**2 + 3*i. Let q be h(2). Suppose 42 = 5*l + 5*a - 63, 4*a = 2*l - 48. Calculate the greatest common divisor of q and l.
2
Suppose g = 4*g - 165. Calculate the greatest common divisor of g and 77.
11
Suppose z + 39*c - 42*c = 237, 3*z + 3*c = 735. Calculate the highest common factor of 135 and z.
27
Let m(k) = 4*k - 3. Let v be m(4). Let a = -7 + v. Suppose 12 = u - 2*u + 3*z, -3*z + a = -3*u. Calculate the highest common divisor of 24 and u.
3
Let b = -625 + 649. What is the greatest common divisor of 2328 and b?
24
Let v(c) = -137*c - 116. Let d be v(-11). What is the greatest common divisor of d and 107?
107
Let p = -33 - -44. Suppose p*u - 4*u = 42. What is the greatest common divisor of 24 and u?
6
Let t = 42 - 40. Let g be (-4 + t - 1)*-3. What is the greatest common factor of 63 and g?
9
Suppose 0 = 4*h - 8*h - 2*x + 4, 0 = -2*h - 2*x. Suppose -30 = -4*i + h. What is the highest common divisor of 56 and i?
8
Suppose -p - 120 = -5*s, p + 36 = 3*s - 36. Let v = 48 - s. Calculate the highest common divisor of v and 6.
6
Let p be ((-300)/9)/5*-9. Suppose 4*m - 76 = -4*h, -4*h + 36 = m + 5. What is the greatest common divisor of p and m?
15
Let c(a) = 12*a - 114. Let y be c(17). Calculate the greatest common factor of y and 135.
45
Let m be (-1 + 1)/(-2 - 0). Suppose 3*i + 4*t - 6*t + 47 = m, t + 62 = -3*i. Let x = 22 + i. Calculate the greatest common divisor of x and 12.
3
Let r(n) = -n**3 + 5*n**2 - 5*n + 1. Let m be (4 + 0)/(1 - -1). Let s be r(m). What is the greatest common factor of 3 and s?
3
Let i = -8 - -7. Let v be i/(-1)*(11 - 6). What is the greatest common factor of 5 and v?
5
Suppose 9*t = 8*t + 4. Suppose 4*o + 8 = t. Let i(z) = -99*z**3 + z**2 - 1. Let g be i(o). What is the greatest common factor of g and 11?
11
Suppose -q = -y - 5*q + 22, 0 = y - 4*q + 2. Let m be y*(-2 + 114/15) - -1. What is the greatest common factor of 19 and m?
19
Let c(u) = 3*u - 56. Let i be c(20). Let d be (-1 - -71)*(-8)/(-20). Calculate the highest common divisor of i and d.
4
Suppose 125 = -0*i - 5*i. Let a = -11 - i. Let v be a/21 + 271/3. What is the greatest common factor of 13 and v?
13
Let m be ((-24)/48)/((-1)/192). What is the highest common divisor of 12 and m?
12
Suppose 658 = 2*y + 634. Calculate the highest common divisor of 4 and y.
4
Let w(m) = -8*m + 82. Let q(k) = 2*k**2 + 25*k + 20. Let i be q(-12). Let u be w(i). Calculate the greatest common divisor of 9 and u.
9
Let p be (0/6 - 6) + 83. Calculate the greatest common factor of p and 7.
7
Let d(g) = -3*g - 7. Let z be (2 - (3 + -3)) + -7. Let b be d(z). Calculate the greatest common divisor of b and 56.
8
Suppose 4 + 0 = n. Let i = 936 - 932. What is the highest common divisor of n and i?
4
Suppose 0 = 2*c + 4*v - 182, -3*c + 19*v - 20*v = -248. What is the greatest common factor of 108 and c?
27
Let y be (-2)/4 + (-1)/(-2). Suppose y = -2*v + 4 + 56. Let f be (168/(-20))/((-4)/v). Calculate the greatest common divisor of f and 21.
21
Suppose 12*g - 963 = 381. Calculate the highest common factor of 32 and g.
16
Suppose -462 = -3*o + 63. Let h(r) = -r**3 - 14*r**2 - 2*r + 7. Let c be h(-14). What is the highest common factor of c and o?
35
Let a = -27 - -121. Let g(c) = 3*c**2 - 88*c - 1253. Let y be g(-12). Calculate the greatest common factor of a and y.
47
Suppose -u - 27 = -6*u + 2*t, -4*t = -16. Suppose -2*p + 161 = 43. Let a = p - 38. Calculate the greatest common divisor of u and a.
7
Let a(g) = 8*g**2 - 2*g. Let f be a(2). Suppose -3*m + 5 + 7 = 0, 3*x = m + 116. Suppose -28*u = -x*u + 1008. Calculate the highest common divisor of f and u.
28
Let z(h) = 2*h + 5. Let t be z(-3). Let i be (-20)/4*4*t. Calculate the greatest common divisor of i and 4.
4
Suppose -s - 4*a + 264 = 0, 2*s + 264 = 3*s - 3*a. Calculate the greatest common factor of s and 176.
88
Let g = 59 + -5. Let n = g + -48. Calculate the highest common divisor of 21 and n.
3
Let z be (18/4)/((-12)/16). Let k be z/30 - (-382)/10.